ite number?
False
Suppose -3*h + 4*h + 5*q - 787 = 0, 2*q = -h + 793. Is h a composite number?
False
Let p(w) = 8*w**3 + 10*w**2 + w - 12. Let z(l) = -7*l**3 - 10*l**2 + 11. Let q(f) = -6*p(f) - 7*z(f). Is q(-10) prime?
False
Let s = 12 + -12. Suppose s*c - 276 = -4*c. Is c a composite number?
True
Let i = 26 + -36. Let c = 155 + i. Is c prime?
False
Suppose 0 = -5*r - 5*w, 5*w + 4 = 5*r - 46. Let z(p) = 15*p - 4. Let h(f) = 31*f - 9. Let y(n) = 3*h(n) - 5*z(n). Is y(r) composite?
False
Let d be (-156)/(-9)*(-3)/1. Let p = d - -110. Is p a prime number?
False
Let p = -852 - -3289. Is p prime?
True
Let t(g) = -2*g - 8. Let p be t(-7). Suppose -p*x = -2*x. Suppose 3*r + 23 = a, -4*a + 56 = -x*r - 3*r. Is a a prime number?
True
Let l be (5/3 - 2)*-21. Let x = l + -5. Suppose -3*h - x*p = -151, -h - 2*p - 3*p = -33. Is h a prime number?
True
Let l(c) = c**3 - 5*c**2 - 13*c + 4. Is l(9) a prime number?
True
Suppose -9*a = -8*a - 1361. Is a a composite number?
False
Let z(v) = -v**3 + 10*v**2 + 12*v + 15. Let o be z(11). Is o + (-4)/(8/6) a composite number?
False
Suppose 1374 = 4*z - 734. Suppose 2*f - 1098 = -f. Let a = z - f. Is a composite?
True
Suppose -3*z - 7 = 3*p - 31, 0 = p - 4*z + 12. Suppose -p*b = -0*b. Suppose -s - 4 + 51 = b. Is s prime?
True
Let q be 10*(-6)/(-45)*3. Suppose q*a = -2*k + 48, -a + 102 = 4*k + a. Is k prime?
False
Let v(x) = 23*x**3 + 10*x**2 + x - 7. Is v(3) prime?
False
Suppose 0 = u - 4*a + 7, 2*a - 4*a + 11 = -3*u. Let b be 3 + 4 + -2 + u. Suppose 2*h - b = 18. Is h composite?
True
Suppose -f + 5*m - 1 = 7, -4*m + 8 = 0. Suppose 0 = -f*q + 2*n + 178, -2*n + 89 = -3*q + 4*q. Is q composite?
False
Let j(b) = 750*b**3 + 6*b**2 - 8*b - 11. Let d(s) = -250*s**3 - 2*s**2 + 3*s + 4. Let y(i) = 8*d(i) + 3*j(i). Is y(1) prime?
True
Let h be (-1)/(-2) - 953/2. Is (-1)/2 + h/(-8) composite?
False
Let u be 16/10*(-5)/(-2). Suppose 217 = u*g - 5*o, -3*o = 2*g - 67 - 36. Is g a prime number?
True
Let x = -8 - -4. Let d(j) = -3*j + 0 + 6*j**2 + 2*j - 1 + j**3. Is d(x) composite?
True
Suppose 5*r + 468 = -1007. Suppose -2*b - 715 = 137. Let d = r - b. Is d prime?
True
Let u = 9 + 3. Suppose -2*i + u = -4*x - 6, 18 = 4*i - 2*x. Suppose -179 = -i*a - 5*l, 5*l = 1 + 19. Is a a prime number?
True
Let n = 15 + -11. Suppose 0 = q + n*q - 295. Is q prime?
True
Let h = -2 + 4. Suppose 2*s - 44 = -h*s. Is s composite?
False
Let m = 5 + -5. Suppose z - 199 - 88 = m. Is z composite?
True
Suppose 17 = 3*s - 4*f, 17 = 6*s - s - f. Suppose j + 3*q = 36 - s, 5*j - 154 = -4*q. Let i = j - -23. Is i a prime number?
True
Let d(j) = j**3 + 5*j**2 + j + 2. Let c be d(-5). Is (-74)/c*27/18 composite?
False
Suppose 863 = 7*q - 2336. Is q prime?
True
Let h be 6 + -2 + 2 + -1. Suppose 544 - 2129 = -h*j. Is j prime?
True
Suppose 0 = -i - g + 498, 0 = 3*i + g - 0*g - 1496. Is i a prime number?
True
Let r(h) = 5*h - 2*h**2 - 3*h - 3*h. Let a be r(6). Let c = a - -133. Is c composite?
True
Let t(j) = j - 12. Let z be t(16). Let u(o) = -6*o + 1. Let a be u(-1). Suppose a*w - z*w = 237. Is w prime?
True
Suppose 3*f = -2*f + 10. Suppose 0*l = -f*l. Suppose -v + l*v = -35. Is v prime?
False
Let l(z) = 149*z - 5. Let p(s) = -298*s + 11. Let h(u) = 9*l(u) + 4*p(u). Let f be h(3). Is (-4)/(-12) - f/(-3) a prime number?
True
Suppose y = -5*l + 106, -5*y + 0*l = l - 650. Is y a prime number?
True
Suppose -2*s + 1856 = 4*w - 236, 2*w + 3*s - 1054 = 0. Is w composite?
False
Is -3 + 3 + 1 - -2 composite?
False
Let s be (-2 + -34)*9/2. Let p = 243 + s. Let o = -58 + p. Is o a prime number?
True
Let c = 94 + 1289. Is c prime?
False
Let m be (0 - (-236)/2) + -1. Suppose 16*b + 248 = 12*b. Let f = m + b. Is f prime?
False
Let c = -1 - -5. Suppose 0 = -c*t + 798 + 94. Is t composite?
False
Suppose -2*j - 2291 = 3*m - 20000, -5920 = -m + 5*j. Is m a prime number?
False
Let q be 1 + (2 - (0 - -11)). Let x = 27 + q. Suppose 306 = 5*f - x. Is f a composite number?
True
Is 0 - (34 + -5)/(2/(-14)) a composite number?
True
Let n(r) = r**3 - 4*r**2 + 4*r + 1. Let m be n(3). Suppose m*g = g. Is 39 + g/(2*-1) a composite number?
True
Let r(u) = -4*u + 1. Let a be r(-1). Suppose a*l + 4*t - 2*t = 229, l + 3*t - 38 = 0. Is l a composite number?
False
Let l = 2076 + -295. Is l a prime number?
False
Let h = 7 - 5. Suppose -h*q + 144 = -2*o, 5*q + o - 400 = -2*o. Is q a composite number?
True
Let v = 1113 - 273. Suppose 0 = 5*h + v - 8365. Suppose y - 4*k - 301 = 0, 5*y - h = k + 3*k. Is y a prime number?
False
Let y be 18/2*(-8)/(-12). Suppose 2*u - y = 0, 3*u - 11 = -3*a + 19. Let f(o) = -o**3 + 7*o**2 + 2*o + 7. Is f(a) prime?
False
Let d(g) = 51*g**2 - 18*g - 4. Is d(-5) composite?
False
Suppose -562 = -3*l - l + 2*h, 3*h = 5*l - 701. Suppose -l = -5*c + 123. Is c prime?
True
Let x(z) = 3*z**2 - 2*z - 9. Is x(10) composite?
False
Let a be 4/1 + -2 + 1. Suppose 5*p - p - 20 = 4*w, -a = -w. Suppose 4*q - 32 + p = 0. Is q composite?
True
Suppose -87 - 92 = -x. Is x composite?
False
Let y be -1 + 24/(3/(-1)). Is (-247)/(-3) - (-3)/y a prime number?
False
Let k(h) = -h + 317. Is k(0) a prime number?
True
Let x(o) = 22*o**2 - 2*o - 1. Suppose 0*y - 2*y = -4. Let l be x(y). Suppose -3*n - 5*u = -61, -4*n + 0*n = 5*u - l. Is n composite?
True
Let b = 13 + -25. Is ((-183)/b + -2)*4 composite?
False
Suppose -5*q + 24 = 14. Suppose -f + 5*y + 322 = q*y, -3*y + 292 = f. Is f a composite number?
False
Let k(c) = -c**3 + 8*c + 2. Let f be k(-6). Suppose -3*n + f = -n. Is n a prime number?
False
Suppose 3*c + 21 = 4*h - 394, 513 = 5*h + 2*c. Is h prime?
True
Let i(m) = -m**2 - 221. Let p be i(0). Let d = 432 + p. Is d prime?
True
Let q = -3 - -7. Is (9 - q)*167/5 composite?
False
Let q(n) = n**3 - 4*n**2 + 29. Is q(12) prime?
True
Let m be (2/3)/(1/(-6)). Let o be 2*(18/m)/(-3). Suppose -f + 4*z = -11, -f + 5*z + 3 = -o. Is f composite?
False
Let u(h) = -12*h - 5. Let v(b) = -b - 14. Suppose -2*o - 5*i - 5 = 0, -3*i + 2 + 7 = 0. Let z be v(o). Is u(z) a composite number?
False
Suppose -d - 60 = -5*d. Is (-3)/9*d*-191 prime?
False
Let g(t) = 10*t + 1. Let o be g(2). Suppose -5*a = 5*m + o + 4, -2*a + m = -5. Suppose -3*f - 2*f + 170 = a. Is f a composite number?
True
Let o(r) = -r**2 - 5*r + 4. Let a be o(-5). Suppose -2*y + 54 = a*c, -2*c + c + 4 = 0. Is y a prime number?
True
Let i(q) be the third derivative of -3*q**4 - q**3/6 + 4*q**2. Is i(-2) a composite number?
True
Let t = 6 - 58. Let h = t - -131. Is h a prime number?
True
Suppose -2*l + 409 = t, -2*t - l - l = -822. Is t a composite number?
True
Suppose 2*a = -4*c + 378, c = 5*a - 976 + 42. Is a prime?
False
Let i = -11 + 8. Let s(y) = -3*y + 2*y + 6*y**2 + 1 - 3*y. Is s(i) a prime number?
True
Let i(n) = -2*n**2 + 6*n + 7. Let x be i(6). Let m = x - -1. Let v = m - -83. Is v prime?
False
Suppose -2*f - 2*c = -990, -f + c + 0*c = -487. Is f a prime number?
True
Suppose 585 - 130 = 5*w. Is w a composite number?
True
Is (36/(-8))/(-3)*(-188)/(-6) a prime number?
True
Let n = 11 - 16. Let d be (-9)/(-3) - (-3 - n). Is (-268)/4*(d + -2) composite?
False
Let g = -20 + 99. Is g a prime number?
True
Suppose -3*z + 384 = -3*r, 5*z = -0*r + 3*r + 642. Is z composite?
True
Let f(k) = 7 - 2*k + 6*k + 2*k. Let b be 2 + (2 + -5)*-1. Is f(b) composite?
False
Is 33*1 - 20/10 a composite number?
False
Let s = -4 - -9. Suppose -3*d = -s*t + 2076, 1653 = t + 3*t - 5*d. Is t a composite number?
True
Let y(v) = -v + 2. Let x be y(2). Suppose -4*i - 5*c - 1 = 3, x = 3*i + 2*c + 3. Let l = i - -8. Is l prime?
True
Let v = -2 + 4. Suppose -2*f = -0*f + v*m - 164, 2*f + m = 161. Is f a prime number?
True
Let b = -16 - 9. Let o = 9 - b. Is o prime?
False
Let l(y) = -4*y + 18. Let u be l(6). Let h = -2 - 0. Is (u + -1)*2/h prime?
True
Suppose -374 = -2*t - 0*t. Is t composite?
True
Suppose 2*k = 4*k + 8. Let l be (4/6)/(k/(-18)). Suppose -l*d = -5*h - 254, -d + 0*h = 3*h - 80. Is d composite?
False
Let o = 43 + -78. Is (-3 + 13/5)*o prime?
False
Is (15 + -16)/(2/(-862)) a composite number?
False
Let a(t) be the second derivative of -7*t**5/2 + t**4/12 + 4*t. Is a(-1) composite?
False
Let l(q) = 3*q**2 - q - 1. Let w be l(1). Is 38/(2/(-6) + w) prime?
False
Suppose 0 = 2*d - 7*d + 80. Suppose 0 = -4*q - 2*b + d, 4*q - b = -6*b + 28. Is 122/q - (4 + -2) composite?